 - 5. Let w be 2 - 2/(f/1). Let p(r) = -4*r**3 - r**2 - r + 1. Give p(w).
-5
Let m(a) = a**2 - 8*a - 6. Let b = 89 - 128. Let i = b - -48. Give m(i).
3
Let i(a) = 7*a**2 + 38*a + 7. Let u be i(-5). Let s(f) = -f + 10. Calculate s(u).
18
Let w(s) = -4*s. Let y(o) = 4*o. Let j(d) = 3*w(d) + 4*y(d). Suppose -3*u - 8 = -4*i, -4*i + 23 = 4*u - 13. What is j(i)?
20
Let f(v) = -12*v**2 - 26*v - 3. Let j be f(-2). Let d(i) = -16*i + 8. Give d(j).
-8
Let q(p) = 2*p**2 - 9*p + 2. Let l = -183 + 187. Give q(l).
-2
Let r(j) = -3 + 63639*j - 1 - 63644*j. What is r(5)?
-29
Suppose 7*m = 2*m, -p = 4*m - 10. Let z(x) = x**3 - 11*x**2 + 12*x - 14. Determine z(p).
6
Let k(c) = -c**3 - c**2 + 3. Let m be k(-2). Let i(s) = -4*s**2 - m*s**2 + s + 13*s**2 - 2. Calculate i(-2).
4
Suppose 0 = 12*x + 5 + 7. Let k be (12*x/(-5))/((-8)/(-20)). Let f(z) = z + 2. Give f(k).
8
Let m(t) be the first derivative of 5*t**2/2 + 4*t + 47. What is m(-4)?
-16
Suppose 0 = -q + 4*g + 12, -4*q - 4*g = -7*g - 22. Let o(k) = -k**2 + k + 5. Give o(q).
-7
Let b(w) = 9*w. Suppose o = 4*o. Let f = 119 - 114. Suppose o = 3*c - f*c - 2. Determine b(c).
-9
Let u be -6 - (-8 + 13 - 1/1). Let v(r) = r + 33. Calculate v(u).
23
Let r(x) be the second derivative of x**3/6 + 7*x**2/2 - 106*x. Let g = 52 - 28. Suppose -u - g = 3*u. Give r(u).
1
Let u = 247 - 245. Let v(q) = 2*q**2 + 3*q - 1. Determine v(u).
13
Let l(a) = 2 - 1 + 1221*a - 1222*a. Determine l(3).
-2
Let h be (5 + 0)*18/(-45). Let b be ((-8)/(-10))/h*10. Let d(w) = 5*w + 4. Let y(l) = 2*l + 1. Let c(j) = 3*d(j) - 8*y(j). Determine c(b).
8
Let p = 6 + -3. Let m(d) be the second derivative of -d**5/20 + d**4/4 + 5*d**3/6 - 3*d**2/2 + 548*d. Calculate m(p).
12
Suppose -13*i + 440 = -171. Let q = i + -44. Let s(n) = n**2 - 5*n + 4. Give s(q).
-2
Let a(q) = -q**3 - 11*q**2 + 14*q + 30. Let h = -1370 + 1358. Give a(h).
6
Let d(c) = -3676 + 1838 - 16*c + 1837. Calculate d(-2).
31
Let r(o) = -o - 2. Suppose -37 + 32 = -5*u. Let q(z) = 4*z**2 + 2*z. Let i be q(u). What is r(i)?
-8
Let u = 15 + -15. Suppose h + u = 6. Let p(n) = -6 + 3 + n**2 + n + 10*n - h*n. Calculate p(-6).
3
Let z(y) be the first derivative of -y**6/360 + y**5/40 - y**4/12 + 5*y**3/3 - 26. Let k(d) be the third derivative of z(d). Give k(4).
-6
Let r(a) = 15 + 11*a**2 - 107*a**3 + 76*a**3 + 13*a + 32*a**3. Give r(-10).
-15
Let f(v) be the first derivative of v**4/4 - 7*v**3/3 + 3*v**2 + 7*v - 914. Let y(m) = -2*m - 5. Let b be y(-4). Suppose 15 + b = 3*a. Determine f(a).
7
Let z(o) = 3*o**3 - o**2 + o. Suppose -8*s + 51 = 147. Let i(y) = -y**2 - 10*y + 25. Let l be i(s). Calculate z(l).
3
Let l = 1 - 1. Let k(f) = 1. Let g(y) = -2 + 4 + 12 - y - 5. Let q(c) = -g(c) - 2*k(c). Determine q(l).
-11
Let h(k) = 12*k + 284*k**2 - 562*k**2 - k**3 + 291*k**2 + 30. Determine h(14).
2
Let a(b) = 18*b**2 - 2*b + 1. Let v(l) = -l**3 + 7*l**2 + 15*l - 20. Let u be v(6). Let d = -105 + u. Give a(d).
17
Suppose -26*t = -28*t + 4. Suppose -15*k = -17*k + t. Let p(z) = 2 - 2 - 2*z**2. Calculate p(k).
-2
Let d(c) be the third derivative of -c**5/60 + c**4/8 - c**2. Suppose 2*o - 43 - 43 = 0. Suppose 31 = -4*k + o. What is d(k)?
0
Suppose 2*s - 6 = 0, -46*s - 36 = -4*c - 50*s. Let k(g) = g**3 - 4*g**2 - 8*g + 2. What is k(c)?
26
Let n be -2 + 0/(-2 - -4). Let f(u) = -2*u**3 - 4*u**2 - u + 2. Calculate f(n).
4
Let s = 2 - 2. Let p(l) be the first derivative of -l**2/2 + 3*l + 90. Determine p(s).
3
Suppose -3*v + 12 = 3*a, v + 4*a = -a + 4. Let j(z) = v*z + 9*z - 23*z. Determine j(-1).
10
Let f(s) = -s**3 - 4*s**2 + 3*s + 10. Suppose 13*d + 44 = 2*d. Give f(d).
-2
Let a(f) = -9 - 6 + 13 - f**2 + 6*f - 3. Calculate a(5).
0
Let u = 1501 + -1512. Let m(x) = x**2 + 8*x - 4. What is m(u)?
29
Let i(g) be the second derivative of g**4/3 + g**3/3 - 3*g**2/2 + g. Let v be (-3)/3 + 4 + 2 + -3. Determine i(v).
17
Let b be 36/104 - (-14)/91. Let c(x) be the first derivative of -b*x**2 - 3/2*x**4 + 2/3*x**3 + 1 + 0*x. Determine c(1).
-5
Suppose -4*f = 3 + 85. Let z be (f/88)/((-1)/4). Let v(h) = 5*h**3 + h**2 - h. Determine v(z).
5
Suppose v + 18 = -2*v. Let i = -23 - -43. Let u(d) = i + 2*d**3 + d**3 - 7*d**2 - 4*d**3 - 13 - 5*d. Determine u(v).
1
Let h(f) = 5 - 29*f + 2*f**3 - 4*f**2 + 11*f - f**3 + 14*f. Suppose -24 = -4*q - 0*q. Suppose 4*j = 2*b + 12, j + b - q = -0. What is h(j)?
-11
Let r(x) = 18 + 4*x**2 - 10 + 2*x - 2*x**2 - 11 - 2*x**3 + x**3. What is r(3)?
-6
Let h(i) = -2*i**3 + 3*i**2 + 1. Let f(r) = 3*r**3 - 3*r**2 - r. Let c(j) = -3*f(j) - 4*h(j). Let b be c(-4). Let s(n) = -1 + 6 + 0 - 2*n + b*n. Give s(4).
-3
Let i = -124 + 128. Let k(r) = -r**3 + 5*r**2 - r - 2. Determine k(i).
10
Let z(j) = -j**2 + 7*j - 5. Suppose 5*l - 25 = r, -l = 2*l + 4*r - 38. Determine z(l).
1
Let s = -15 + 21. Let m(l) = 5 - 3 - s + 4*l - 2. Calculate m(4).
10
Let x(h) = h**3 + 5*h**2 + 11*h + 9. Let u(f) = f + 1. Let y(m) = 6*u(m) - x(m). Give y(-4).
1
Suppose 3*d + 9 = 6*d. Let t(g) be the first derivative of -d*g + 2 - g**2 + 6 - 1. Calculate t(5).
-13
Suppose -4*j + 13*j - 18 = 0. Let m(b) = 0*b + 2*b**2 - 2*b - b**j - 8*b + 12. Determine m(8).
-4
Let r(g) = -3*g + 1. Let x(l) = -4*l + 2. Suppose -5*f + 5*i = 45, 0 = 5*f + i + 7 + 20. Let z(w) = f*r(w) + 5*x(w). What is z(-4)?
12
Suppose 8*x = 7*x + 2. Suppose -20 = -x*d - 2*d. Let s(o) = -o - 1. Give s(d).
-6
Let i(n) be the third derivative of -n**5/15 - n**4/24 + n**3/6 + 4*n**2. Suppose -2*o + 3*u + 32 = 0, -u - 31 = -5*o + 36. Let l = o + -12. Give i(l).
-4
Let o(h) = -h**2 + 8*h - 3. Suppose 15*i + 8*i - 161 = 0. Calculate o(i).
4
Let c(h) = 274*h - 10. Let j(o) = 53*o - 2. Let r(q) = 3*c(q) - 16*j(q). Determine r(1).
-24
Let t(p) = -1 - 3 - 2 + p. Let n = 17 + -12. Calculate t(n).
-1
Let u be (4/(-10))/((-4)/20). Let f(d) = -d**3 - 13*d**u + 20*d**2 - 13*d**2. Give f(-6).
0
Let p be (-6)/(-42) - (-320)/14. Let g(v) = -v**3 + 24*v**2 - 24*v + 26. Give g(p).
3
Let g(y) = -y**2 + 2*y + 2. Suppose z + 1 = 4. Suppose z*b + 3 = 9. Let r be g(b). Let j(d) = -3*d**2 + d. Calculate j(r).
-10
Let b(d) = -d**3 - 5*d**2 - 2*d + 7. Let f be ((-2)/(-5) - 44/60)*9. What is b(f)?
-5
Let q(k) = -3*k. Let p(c) = -17*c - 2. Let g(x) = -p(x) + 6*q(x). Determine g(0).
2
Let o(z) = z**3 + 2. Let i(g) = -g**3 + 7*g**2 + 5*g - 7. Let u(h) = -i(h) - 2*o(h). Determine u(-5).
-22
Let z(n) = n**2 + 11*n + 5. Let r be (-86)/8 + (22/8 - 3). Determine z(r).
5
Let k(h) = -5*h - 7*h + 4*h + 12 + h**2 + 0*h. Give k(7).
5
Let s(l) be the first derivative of -l**2 - 2*l + 9. Suppose 0 = -3*q - 3*a + 3, -11*a - 10 = -3*q - 7*a. Determine s(q).
-6
Let r(z) = -z**3 + 14*z**2 + z - 21. Let t(i) = i**3 - 31*i**2 + 57*i + 43. Let j be t(29). Give r(j).
-7
Let w = 1098 + -1107. Let z(n) = -n**3 - 10*n**2 - 7*n + 2. Determine z(w).
-16
Let d(n) be the first derivative of 3*n**4/2 + n**3/3 + 3*n**2/2 + n - 106. Give d(-1).
-7
Let x = -2 + 4. Let q(p) be the third derivative of 0*p**3 + 7*p**2 + 1/12*p**4 - 1/60*p**5 + 0 + 0*p. Give q(x).
0
Let n(p) = -3*p**3 - 19*p**2 - 8*p + 129. Let i(c) = -2*c**3 - 12*c**2 - 5*c + 85. Let m(k) = 8*i(k) - 5*n(k). Calculate m(0).
35
Let w(u) = -u**2 + u + 1. Let v(p) = -27 + 53 + 2*p**2 - 2*p - 29. Let h(y) = v(y) + 3*w(y). Suppose 1 = 4*z + 5. Calculate h(z).
-2
Let h(b) = b**2 + 29. Let m = -1262 + 1262. Give h(m).
29
Let r = 14 - 14. Suppose -20 = -r*t + 2*t. Let d = 5 + t. Let u(i) = i + 10. Calculate u(d).
5
Let o(l) = 2*l + 3 - 13 - 3*l. Suppose -47*m = -21*m + 130. Let p be o(m). Let n(t) = -t**3 - 4*t**2 + 6*t + 1. What is n(p)?
-4
Let s(p) = -p**2 - p + 4. Let m be (14/(-4) + 1)*72/(-20). Suppose -x + m = 2*k + 8, 5*x + 3*k + 9 = 0. What is s(x)?
-2
Let i be (6/4)/(2/12). Let h(d) be the first derivative of d**4/4 - 10*d**3/3 + 7*d**2/2 + 12*d - 803. What is h(i)?
-6
Let p(m) be the third derivative of -m**5/60 + m**4/24 - 4*m**3/3 - 3*m**2. Let r be (-2)/(-4*2/(-20)). Let x = r - -5. Give p(x).
-8
Let h(z) = -7*z**2 + 4*z + 3. Let l(j) = 9*j**2 - 5*j - 4. Let d(f) = 4*h(f) + 3*l(f). Give d(-6).
-42
Let r(k) be the second derivative of 0*k**3 + 0*k**2 - 1/3*k**4 + 1/40*k**5 - 2*k + 0 + 1/720*k**6. Let x(l) be the third derivative of r(l). What is x(-3)?
0
Let x be -4 + 20*9/18. Let c(f) = -2*f + 7. Determine c(x).
-5
Let i(j) = 2*j**2 + 12*j + 7. Supp